is divided by 18.
16
Suppose 0 = -5*b + b + 4. Let k = 7 + 7. What is the remainder when k is divided by b/(2/14) - -1?
6
Let n(c) = -c**3 + 6*c**2 - 2. Calculate the remainder when n(4) is divided by 8.
6
Let s(m) = 5*m**2 + 3*m + 4. Let l(f) = -f**2 - 13*f - 10. What is the remainder when s(3) is divided by l(-10)?
18
Let w(v) = -2*v + 2. Let r be 1*1/3*-21. Calculate the remainder when 31 is divided by w(r).
15
Let f = 62 - 52. Calculate the remainder when 37 is divided by f.
7
Let b be 6/(1 + (-15)/6). Let k = 4 + b. Suppose 4*a - 10 = 3*o, k = a - 3*o + o - 5. What is the remainder when a is divided by 1?
0
Let z = 175 + -106. Calculate the remainder when z is divided by 36.
33
Suppose i = 5*l - 37, -3*l - 3*i + 22 = l. Suppose 0*n = 3*n - 57. Calculate the remainder when n is divided by l.
5
Let z = 51 + -47. Suppose -2 + 10 = 4*t. What is the remainder when z is divided by t?
0
Let a(h) = 32*h - 35. Calculate the remainder when a(6) is divided by 40.
37
Suppose 5*h - 186 - 72 = 3*r, -5*r - 250 = -5*h. Calculate the remainder when h is divided by 14.
12
Let p be (-2 - -6)*(0 - -1). Let u(s) = 7*s + 4. Let k be u(p). Suppose -6*n + k = -5*n. Calculate the remainder when n is divided by 17.
15
Suppose -9*o + 502 = 187. What is the remainder when 139 is divided by o?
34
Let n be (-6)/(-4)*32/24. Let a(u) = -4*u - 1. Calculate the remainder when (-70 - -2)/(1 - n) is divided by a(-6).
22
Let r(p) be the second derivative of -7*p**3/6 - p**2/2 + 3*p. What is the remainder when r(-10) is divided by 24?
21
Suppose 3*o = -4*b + 1, -5*o - b + 9 = -21. Let r = 11 - o. Suppose 0 = s - 4*s - 4*u + 37, -r*s - 2*u = -46. Calculate the remainder when s is divided by 4.
3
Suppose 2*r = -3*f + 22, f + 0*f = -2*r + 2. Calculate the remainder when -1 + (-1 - 0) + 40 is divided by f.
8
Calculate the remainder when 13 is divided by 324/28 - (-4)/(-7).
2
Calculate the remainder when 34 is divided by (-5 - -6) + (8 - 0).
7
Suppose -x + 2*x - 3 = 0. Suppose -2*v = -w - 62 + x, 0 = 3*v - 5*w - 106. Calculate the remainder when v is divided by 15.
12
Suppose 4*r - 80 = -4*b, r = -2*r - b + 50. Calculate the remainder when 28 is divided by r.
13
Suppose -69 = -4*n + 3*w + 35, 2*w + 50 = 2*n. Calculate the remainder when n is divided by 16.
13
Suppose 3*u + 216 = 4*p, 3*p + 4*u = 8*p - 270. Suppose -6*t = -4*t - p. What is the remainder when 52 is divided by t?
25
Suppose -3*c + 1 + 8 = 0. Suppose 34 = -4*k + 5*m, -4*k = k + 2*m + 26. Calculate the remainder when -1*2/(k/21) is divided by c.
1
Let g(d) = d - 9. Let l(f) = f + 1. Let y(s) = -g(s) - 5*l(s). Calculate the remainder when y(-3) is divided by 6.
4
Suppose 0*i + 77 = -i. Let s = 108 + i. Calculate the remainder when s is divided by 8.
7
What is the remainder when 66 is divided by (36/(-16) - 2)*-4?
15
Suppose 4*v + 26 = -5*s + 3*s, -1 = -v + s. Calculate the remainder when (-6)/(-10) - 174/(-10) is divided by v/(-10) - (-115)/25.
3
Let g = 67 + -48. What is the remainder when 35 is divided by g?
16
Let i(l) = -l**2 + 1. Let x be i(1). Let y be ((-2)/(-4)*x)/1. Suppose 4*m - 64 = -y*m. Calculate the remainder when 47 is divided by m.
15
Let p(z) = -z**3 - 4*z**2 + z - 4. Let s be p(-5). Let f(h) = -s*h + 3 - 6 + 4. Calculate the remainder when f(-3) is divided by 17.
15
Let g(o) = -o + 73. Let i = -23 + 52. Let c = i + -12. Calculate the remainder when g(24) is divided by c.
15
Suppose b - 7*b = -288. Calculate the remainder when b is divided by 26.
22
Let a(y) = -8*y + 4*y - 5*y. Let j be a(-1). Suppose 3*x = -3 + j. Calculate the remainder when 4 is divided by x.
0
Let o(v) = -6*v + 2. Let j be o(-5). Suppose 8 = y - 4*w + w, 4*y = 2*w + j. Calculate the remainder when 15 is divided by y.
7
Let v = 4 + 47. Let h = v - 35. What is the remainder when h is divided by 9?
7
Suppose 40 - 58 = -3*h. Calculate the remainder when 29 is divided by h.
5
Suppose 0 = 3*d - 5*p - 5, 5*d + 2*p = 3*p + 45. Let x(f) = -7*f - 7. Calculate the remainder when x(-5) is divided by d.
8
Let t(q) = q**3 + q**2 + q + 33. Let l be t(0). What is the remainder when (-2 - l/15)*-5 is divided by 11?
10
Calculate the remainder when -18*(-2 + (-9)/(-6)) is divided by 6.
3
Let g(v) = -77*v**2. Let a be g(1). Let r = -42 - a. Let o(u) = 4*u**2 - 2*u. What is the remainder when r is divided by o(2)?
11
Let w be -1*(-140 - 3 - -1). Suppose 3*p = 3*b + 123, -5*p + b + w = -63. What is the remainder when p is divided by 21?
20
Suppose -4*b = -7*b + 66. Let s = -12 + b. Calculate the remainder when s is divided by 4.
2
Suppose 2*k - 6*k = -12. Suppose -5*j + 25 = -0*j. What is the remainder when j is divided by k?
2
Let g be (13 + 0)/(-8 + 9). Let l = g + 54. Calculate the remainder when l is divided by 14.
11
What is the remainder when 57 is divided by (58/4)/((-13)/(-26))?
28
Let p(s) = -5*s + 7. Let r(o) = -10*o + 13. Let j(l) = 7*p(l) - 4*r(l). Calculate the remainder when j(1) is divided by 2.
0
Suppose m = -4*a - 4*m + 49, -4*a = -4*m - 4. Suppose 4*t - 76 = -4*s, 0*t - 74 = -4*s - 3*t. What is the remainder when s is divided by a?
5
What is the remainder when 30 is divided by (-48)/10*80/(-24)?
14
Let m(r) be the third derivative of r**5/12 - r**4/8 + r**3/2 + r**2. What is the remainder when m(2) is divided by 10?
7
Let j(a) = -a**3 + 6*a**2 + 4*a - 5. Suppose 3*d = 4*f - 5*f + 18, -4*d = -5*f + 14. Calculate the remainder when 73 is divided by j(f).
16
Let w(n) = n + 8. Let l be w(-6). Suppose 0 = -l*h + 7*h - 275. What is the remainder when h is divided by 19?
17
Let p = 418 - 357. Let y = -49 - -81. Calculate the remainder when p is divided by y.
29
Suppose -4*m = 7 + 121. What is the remainder when (-9)/6*m/3 is divided by 9?
7
Let y be (-5)/15 + (-334)/(-3). Suppose 0 = 4*a - 5*r - 113, r = 5*a - 25 - y. What is the remainder when 2/(-6) + 1602/a is divided by 15?
14
Suppose 300 = -3*k + 9*k. Let h(r) = 13*r**2. Calculate the remainder when k is divided by h(1).
11
Suppose 0 = -5*b, -6*b - 88 = 2*y - 2*b. Let r = -23 - y. Let p = -11 - -17. What is the remainder when r is divided by p?
3
Suppose -38 = -4*s + 3*l, -4*s + l - 8 + 42 = 0. Suppose -4*i = -o - o - 10, 2 = 2*i + 2*o. What is the remainder when i/(-3)*(4 + -25) is divided by s?
6
Let c be (-1 + -1)/(4/(-62)). Let n(h) = -2*h + 6. Let w be n(12). Let a = w + c. Calculate the remainder when 24 is divided by a.
11
Suppose 3*u + 2*u = 110. What is the remainder when u is divided by 6?
4
Let t = -7 + 11. Suppose 20 = 4*j - t. Calculate the remainder when 5 + 13/((-39)/(-36)) is divided by j.
5
Let m = -1 - 1. Let q(c) = -8*c - 1. What is the remainder when 44 is divided by q(m)?
14
Let q = -6 - -10. Suppose -3*m + g + 2 = 0, 4*m + 5*g - q*g = -9. What is the remainder when 3/((2/(-8))/m) is divided by 7?
5
Suppose 3*o - 1 = 3*f + 5, 3*f = -2*o + 9. What is the remainder when o is divided by 2?
1
Suppose 7*b + 3*s = 4*b + 90, 4*s = 5*b - 141. Suppose v - 2*v + b = 0. Suppose 4*u - 20 = 2*u. Calculate the remainder when v is divided by u.
9
Suppose 0 = -4*l - 4*a + a + 14, -3*a = -4*l + 26. Suppose -49 = -l*v + 106. What is the remainder when v is divided by 8?
7
Suppose 0*y - 25 = -5*y, -4*i - 2*y = 22. What is the remainder when 18 is divided by (-84)/i - (-2)/(-4)?
8
Let a(u) = -2*u + 6. Let k = 6 - 16. Let i be a(k). Suppose -74 = -4*c - 2*q, -c + 0*q = 2*q - i. Calculate the remainder when 30 is divided by c.
14
Let g be 42/7 - (4 - 0). Let f be 2/(-6) - (-13)/3. Suppose -f*v - 90 = -3*o - g*o, -3*v = -4*o + 71. Calculate the remainder when o is divided by 8.
6
Suppose 23 = h - 0*h. Let u(b) = -4 - 4 + 2*b**2 + 2*b + 4. What is the remainder when h is divided by u(-3)?
7
Suppose 3*u + 132 = j, 4*u = -4*j - 0*u + 528. What is the remainder when j is divided by 34?
30
Suppose 4*q - 17 = -2*i + 27, 5*q = -3*i + 63. What is the remainder when 111 is divided by i?
15
Suppose -5*g + 4*g = -29. Suppose -y + 6 = 2*y. Suppose 2*o + 5*a - 32 = 0, -y*o + 0*a + 32 = -4*a. Calculate the remainder when g is divided by o.
13
Suppose -2*g = -5*g. Suppose g = 2*l - 1 - 5. Suppose 2 = -4*u + 22. Calculate the remainder when u is divided by l.
2
Let d = 2 + 1. Let v(q) = 4*q - 1. Let t = 7 + -1. Calculate the remainder when v(d) is divided by t.
5
Let s(z) = -2*z**3 - 6*z**2 + z + 5. L